{"id":661,"date":"2017-05-18T14:00:27","date_gmt":"2017-05-18T12:00:27","guid":{"rendered":"http:\/\/agkj.de\/?page_id=661"},"modified":"2024-02-26T14:40:32","modified_gmt":"2024-02-26T12:40:32","slug":"jugendcamp-2018","status":"publish","type":"page","link":"http:\/\/agkj.de\/?page_id=661","title":{"rendered":"Jugendkultur on Tour"},"content":{"rendered":"<p><strong>F\u00f6rderung von Jugendkultur im Landkreis<\/strong><strong><a href=\"http:\/\/agkj.de\/wp-content\/uploads\/2013\/06\/Socialmedia1hp.jpg\" rel=\"attachment wp-att-674\"><img loading=\"lazy\" decoding=\"async\" class=\"wp-image-106  alignleft\" src=\"http:\/\/agkj.de\/wp-content\/uploads\/2013\/06\/Socialmedia1hp-300x85.jpg\" alt=\"\" width=\"388\" height=\"110\" srcset=\"http:\/\/agkj.de\/wp-content\/uploads\/2013\/06\/Socialmedia1hp-300x85.jpg 300w, http:\/\/agkj.de\/wp-content\/uploads\/2013\/06\/Socialmedia1hp.jpg 1000w\" sizes=\"auto, (max-width: 388px) 100vw, 388px\" \/><\/a><\/strong><\/p>\n<p>Wir wollen Jugendliche und junge Erwachsene ab 16 Jahren unterst\u00fctzen, sich mit Jugendlichen aus anderen Regionen, St\u00e4dten oder L\u00e4ndern zu ihrer Jugendkultur auszutauschen. Ob Street-Art, Street-Dance, Influencer, Content-Creator, Gamer, Fussballer oder freiwillige Feuerwehr. Eure Jugend-Kultur steht im Mittelpunkt.\u00a0<\/p>\n<p>Bei einem ersten Planungstreffen am 20.02.24 gab es folgende Ergebnisse:<\/p>\n<ul>\n<li>Es wird ein erstes Planungstreffen f\u00fcr alle interessierten Jugendlichen aus dem Landkreis geben = dann k\u00f6nnt ihr dort eure Ideensammlung mit unseren Ideen zusammenbringen und dann k\u00f6nnen wir gemeinsam Werbung machen.<\/li>\n<li>Zeitraum: Unser Vorschlag: Sommerferien, 13.08. &#8211; 20.08.2024<\/li>\n<li>Alter: Ab 16 Jahren<\/li>\n<li>Thema: Content Creator &#8211; Wir treffen und diskutieren mit unterschiedlichen bekannten &#8222;Stars&#8220; zu ihrem Leben und den Ver\u00e4nderungen, die das &#8222;online-Leben&#8220; so mit sich brachte.\u00a0<\/li>\n<\/ul>\n<p>Du hast Ideen und willst mehr wissen? Nimm einfach Kontakt zum Jugendreferat in deiner N\u00e4he auf. Die Kontaktdaten findest du <a href=\"http:\/\/agkj.de\/?page_id=19\" target=\"_blank\" rel=\"noopener noreferrer\">hier<\/a>.<\/p>\n\n\n<p><\/p>\n","protected":false},"excerpt":{"rendered":"<p>F\u00f6rderung von Jugendkultur im Landkreis Wir wollen Jugendliche und junge Erwachsene ab 16 Jahren unterst\u00fctzen, sich mit Jugendlichen aus anderen Regionen, St\u00e4dten oder L\u00e4ndern zu ihrer Jugendkultur auszutauschen. Ob Street-Art, [&hellip;]<\/p>\n","protected":false},"author":1,"featured_media":0,"parent":0,"menu_order":0,"comment_status":"closed","ping_status":"closed","template":"","meta":{"footnotes":""},"class_list":["post-661","page","type-page","status-publish","hentry"],"_links":{"self":[{"href":"http:\/\/agkj.de\/index.php?rest_route=\/wp\/v2\/pages\/661","targetHints":{"allow":["GET"]}}],"collection":[{"href":"http:\/\/agkj.de\/index.php?rest_route=\/wp\/v2\/pages"}],"about":[{"href":"http:\/\/agkj.de\/index.php?rest_route=\/wp\/v2\/types\/page"}],"author":[{"embeddable":true,"href":"http:\/\/agkj.de\/index.php?rest_route=\/wp\/v2\/users\/1"}],"replies":[{"embeddable":true,"href":"http:\/\/agkj.de\/index.php?rest_route=%2Fwp%2Fv2%2Fcomments&post=661"}],"version-history":[{"count":12,"href":"http:\/\/agkj.de\/index.php?rest_route=\/wp\/v2\/pages\/661\/revisions"}],"predecessor-version":[{"id":888,"href":"http:\/\/agkj.de\/index.php?rest_route=\/wp\/v2\/pages\/661\/revisions\/888"}],"wp:attachment":[{"href":"http:\/\/agkj.de\/index.php?rest_route=%2Fwp%2Fv2%2Fmedia&parent=661"}],"curies":[{"name":"wp","href":"https:\/\/api.w.org\/{rel}","templated":true}]}}

<p><strong>Förderung von Jugendkultur im Landkreis</strong><strong><a href="http://agkj.de/wp-content/uploads/2013/06/Socialmedia1hp.jpg" rel="attachment wp-att-674"><img loading="lazy" decoding="async" class="wp-image-106  alignleft" src="http://agkj.de/wp-content/uploads/2013/06/Socialmedia1hp-300x85.jpg" alt="" width="388" height="110" srcset="http://agkj.de/wp-content/uploads/2013/06/Socialmedia1hp-300x85.jpg 300w, http://agkj.de/wp-content/uploads/2013/06/Socialmedia1hp.jpg 1000w" sizes="auto, (max-width: 388px) 100vw, 388px" /></a></strong></p>
<p>Wir wollen Jugendliche und junge Erwachsene ab 16 Jahren unterstützen, sich mit Jugendlichen aus anderen Regionen, Städten oder Ländern zu ihrer Jugendkultur auszutauschen. Ob Street-Art, Street-Dance, Influencer, Content-Creator, Gamer, Fussballer oder freiwillige Feuerwehr. Eure Jugend-Kultur steht im Mittelpunkt. </p>
<p>Bei einem ersten Planungstreffen am 20.02.24 gab es folgende Ergebnisse:</p>
<ul>
<li>Es wird ein erstes Planungstreffen für alle interessierten Jugendlichen aus dem Landkreis geben = dann könnt ihr dort eure Ideensammlung mit unseren Ideen zusammenbringen und dann können wir gemeinsam Werbung machen.</li>
<li>Zeitraum: Unser Vorschlag: Sommerferien, 13.08. &#8211; 20.08.2024</li>
<li>Alter: Ab 16 Jahren</li>
<li>Thema: Content Creator &#8211; Wir treffen und diskutieren mit unterschiedlichen bekannten &#8222;Stars&#8220; zu ihrem Leben und den Veränderungen, die das &#8222;online-Leben&#8220; so mit sich brachte. </li>
</ul>
<p>Du hast Ideen und willst mehr wissen? Nimm einfach Kontakt zum Jugendreferat in deiner Nähe auf. Die Kontaktdaten findest du <a href="http://agkj.de/?page_id=19" target="_blank" rel="noopener noreferrer">hier</a>.</p>


<p></p>

<p>Förderung von Jugendkultur im Landkreis Wir wollen Jugendliche und junge Erwachsene ab 16 Jahren unterstützen, sich mit Jugendlichen aus anderen Regionen, Städten oder Ländern zu ihrer Jugendkultur auszutauschen. Ob Street-Art, [&hellip;]</p>
